(1 + w) - (-119 + -522)?
8
Let v = 41 + -37. Suppose 25 = -v*d + 9*d. Suppose d*b - 764 = 346. What is the units digit of b?
2
Let k(o) = -2*o**2 - 16*o - 12. Let t be k(-20). Let j = -219 - t. What is the tens digit of j?
7
Suppose 0*v + 4*v + 4 = 4*y, 3 = -5*y - 3*v. Suppose 5*a - 5*z + 162 = 8*a, -3*z = y. What is the tens digit of a?
5
Suppose 5*h - 1349 = -3*w + w, 5*w = -2*h + 3425. Let d = 609 + w. What is the thousands digit of d?
1
Let m(u) = 6*u**3 + 15*u**2 + 20*u - 141. Let y be m(11). Suppose 3365 = 15*w - y. What is the units digit of w?
3
Let i(o) = -o**3 + 6*o**2 + 8*o - 4. Let p = -27 + 34. Let b be i(p). What is the tens digit of 16576/(-111)*(b/(-2) + 0)?
2
Let p = -116 - -115. What is the units digit of (-3)/p + (7 - -538) + 1?
9
Let x(l) = l**3 - 4*l**2 - 5*l - 41. Let w be x(8). Suppose 8*y - 40 = 10*y. Let b = y + w. What is the units digit of b?
5
Let n = 375 + -412. What is the hundreds digit of 177 + n + (-4 - -2 - -7)?
1
Let l be (15 + 5)*2*3/(-4). Let v = l - -35. Suppose -u - v*r - 55 + 178 = 0, -2*r + 592 = 5*u. What is the tens digit of u?
1
Let l(i) = -3*i**2 - 4*i + 32. Let u be (561/(-9))/(-11) + 2/(-3). Let g be l(u). Let k = g + 75. What is the tens digit of k?
1
Let h = 16 - -14. Suppose 0 = 4*s - 40 - 80. What is the hundreds digit of 6154/s - 4/h?
2
Let a be (1 - 0 - ((-5)/1 - -10)) + 13. Let i(d) = -d**3 + d**2 + 2*d + 1. Let y be i(-1). What is the units digit of 0/y - (-3)/(a/51)?
7
Let h be (-16)/10*-2*(-35)/(-28). What is the units digit of (1 - h/2)/((-52)/35620)?
5
Let s(b) = -196*b - 20. Let j be s(-3). Let y = 971 - j. What is the tens digit of y?
0
Let q(v) = v**3 + 20*v**2 - 72*v - 801. What is the units digit of q(-15)?
4
Suppose -3*m = 0, -2*u - 13334 = -m - m - 63888. What is the tens digit of u?
7
Let c(i) = 10*i + 210. Let l be c(-21). Suppose l = 184*v - 187*v + 5361. What is the thousands digit of v?
1
Suppose 33871 + 75216 = 11*p - 13409. What is the tens digit of p?
3
Let a = -54 - -58. Suppose -4*d + 4*r = 12, a*d + 7 = d + 2*r. What is the units digit of 101 - (d - -1 - -3)?
8
Let d be (-1)/3 - (-38)/114. Suppose 4*c = -4*j + 24, -j - 2*c + 2 = -0*j. Suppose d*z - 960 = -j*z. What is the tens digit of z?
9
Suppose 2*r - u - 10 = 0, 0 = -3*r + 5*u + 9 + 6. What is the units digit of 118*(3 - (-10)/r)?
0
Suppose -18*z = -12*z - 84126. What is the units digit of z?
1
Suppose -5 = -j + 41. Suppose b = 3*l - 0*b - 50, -j = -3*l + 5*b. What is the units digit of l?
7
What is the units digit of (1882/(-4))/((-4)/(41 - -7))?
6
Suppose 2*b + 10 = -2*l, -5*b - l + 0*l = 5. Suppose 77 + 118 = f + 5*r, -4*f + 2*r + 692 = b. Suppose -10*s + 185 = -f. What is the units digit of s?
6
Let c(j) = 21*j + 5 + 74 - 20. What is the units digit of c(21)?
0
Suppose m + 3 = 0, -2*g = -3*m + 2 - 15. Suppose -g*c - 2*c = -3*x - 1307, -3*x + 1600 = 5*c. What is the units digit of c?
3
Let k(q) be the third derivative of q**5/12 - 2*q**4/3 + q**3 - q**2. Suppose -13*d - 26948 = -27039. What is the hundreds digit of k(d)?
1
What is the hundreds digit of (14 - (11 + 15)) + 1267?
2
Suppose -9*y = -18846 - 40950. What is the thousands digit of y?
6
Suppose -96116 = -37*g + 421847. What is the ten thousands digit of g?
1
Suppose v - 34 = -2*z - 4, v - 4*z = 42. Suppose -v*n + 38*n + 16 = 0. What is the units digit of ((-528)/66)/(n/(-86)*-1)?
2
Let k(c) = 3*c**2 + 245*c - 1349. What is the ten thousands digit of k(95)?
4
Suppose -67*w + 72*w - 25 = 0. Suppose 0 = -w*v + 5, 0 = 2*j - 0*j + 5*v - 9. Suppose -j*s + 880 = 6*s. What is the hundreds digit of s?
1
Let n(f) = 269*f + 6765. What is the tens digit of n(-25)?
4
Let a = -14177 + 26818. What is the ten thousands digit of a?
1
Let a(w) = -w**3 - 13*w**2 - 7*w + 9. Let z(p) = -p**3 - 5*p**2 + 2*p + 6. Let d be z(-4). Let t = d - -5. What is the hundreds digit of a(t)?
1
Let p(r) = 2*r**2 - 19*r + 14. Let u be p(8). What is the units digit of 406*u/(-8) - (-34)/68?
8
What is the tens digit of 120*(-720)/(-27) - 13?
8
Suppose -204*d + 235*d = 132742. What is the hundreds digit of d?
2
Let o = 1 + 57. Suppose -20*i = -22*i + o. What is the units digit of i?
9
Let x(n) = n**2 - 4*n - 15. Let d be x(7). Suppose 526 = -d*w + 8*w. Suppose -211 + w = 2*k. What is the units digit of k?
6
Suppose -2*u - 31 = -15. Let y(g) = -20*g - 31. Let h be y(u). Suppose 0 = -4*v + 3*j + 585, -6*j + j + h = v. What is the hundreds digit of v?
1
Suppose -5*m + 42020 = -5*v, -v + 7982 = 4*m - 25639. What is the units digit of m?
5
Let i(x) = -x**3 + 42*x**2 - 40*x - 210. What is the tens digit of i(39)?
9
What is the tens digit of 91/(-14)*(2 + (-1184)/4)?
1
Let h(f) = 18*f**2 - 11 - 7 + 59*f**2 + 2 + 2 + 2*f. What is the units digit of h(-4)?
0
Suppose -20*a - 10 = -10. Suppose -2*p + 37 + 91 = a. What is the units digit of p?
4
Suppose -32*t + 233*t - 587044 = 104*t. What is the hundreds digit of t?
0
Suppose 0 = -63*q + 10*q. Suppose 2*l - 2*g - 3572 = 2*g, -4*l + 4*g + 7136 = q. What is the hundreds digit of l?
7
Suppose 16*v = 4*v + 22836. Suppose -n = 2*o - 761, 21*o + 2*n = 16*o + v. What is the units digit of o?
1
Let c(q) = -2*q**3 + 123*q**2 - 47*q - 132. What is the units digit of c(59)?
0
Suppose -13*m - 4493 + 19287 = 0. What is the hundreds digit of m?
1
Let i(b) = 19*b**3 + 223*b**2 - 36*b + 69. What is the thousands digit of i(11)?
1
Suppose -8*i - 361 = -9*i. Suppose -331 = -4*z + i. What is the units digit of z?
3
Suppose -5*f + 2464 = -4*u, 19*u - 3*f = 17*u - 1230. Let c = u + 1576. What is the tens digit of c?
5
Suppose -2*j - 2*n + 78512 = 0, 12*j - 4*n + 39280 = 13*j. What is the thousands digit of j?
9
Let f = 15 - 15. Suppose 4*i - 1392 = -f*i. Suppose -g - i = -5*g. What is the tens digit of g?
8
Suppose -44*n - 40*n = -77*n - 33131. What is the hundreds digit of n?
7
Let y = -7892 - -12400. Suppose -8*g = -7*g - 5*l - 892, 5*g - y = l. What is the units digit of g?
2
Suppose 2*l + 3*l = y - 13, 0 = -l - 3*y - 9. Let v be (-3 + -4 - l) + 252/3. Let j = v - 64. What is the units digit of j?
6
Suppose 2*z = -2*h + 14, 3*h - 4 = 2*h. Suppose -c = -2 + 5, z*c + 75 = 2*u. What is the units digit of u?
3
Let q(s) = -s. Let t be q(-14). Let a(h) = -15*h + 100. Let j be a(7). Let i = t - j. What is the tens digit of i?
1
Let w be (1 + 0)*6/12*-1426. Let q = 1153 + w. What is the units digit of q?
0
Let l = 1392 - 1174. Suppose 3*o - 2*k + 12 = 4*o, k - 11 = -3*o. Let p = l - o. What is the units digit of p?
6
Let s(y) = -y**3 - 12*y**2 + 14*y - 14. Let w be s(-13). Let g be (w/4)/((-15)/(-60)). Let u = g + 49. What is the tens digit of u?
2
Let f(r) be the second derivative of 11*r**4/6 - 17*r**3/2 + 10*r**2 + 17*r - 1. Let i(j) be the first derivative of f(j). What is the tens digit of i(7)?
5
Let i = 1461 - 975. What is the units digit of i?
6
Let k(c) be the second derivative of -c**4/12 + 11*c**3/3 + 37*c**2/2 + c. Let y(f) = -f + 24. Let d be y(4). What is the tens digit of k(d)?
7
Suppose 3*r = -3*n + 24, n = 4*r + 3 - 15. Suppose 0 = 5*z + 3*h - 1991, -n*h = -9*h - 15. What is the tens digit of z?
0
What is the units digit of -1*(-28)/(-21)*(-182295)/20?
3
Let t = 452 + -450. Suppose 2 = -2*b, -2*b = -4*i + t*b + 1228. What is the hundreds digit of i?
3
Suppose -223*z + 218*z = -8960. What is the thousands digit of z?
1
Suppose -5*i = z - 4845 + 231, -3*i + 5*z = -2746. Let f = i + -520. What is the units digit of f?
2
Let u(y) = -14*y**3 - 9 - 4 + 12*y**3 - 5*y + 27*y**2 + 0*y**3. What is the hundreds digit of u(7)?
5
Suppose 12*d - 53 = -5. Suppose 352 = d*y + 7*y. What is the units digit of y?
2
Suppose 7 = 2*r + 3. Let k(q) = -5*q**r - 50 + 4*q**2 + 4*q + 124 + 149. What is the units digit of k(0)?
3
Suppose 19 = -c + 22. Suppose f = 2*m - 5*m + 265, -c*f + 3 = 0. Suppose -6*b = m - 478. What is the units digit of b?
5
Suppose 0 = -3*p + l - 53, 33 + 51 = -4*p + 4*l. Let f(s) = -16*s - 99. What is the hundreds digit of f(p)?
1
Let z(a) = 6*a**2 - 7*a + 1160. Let v(g) = -4*g**2 + 6*g - 1160. Let x(p) = -6*v(p) - 5*z(p). What is the units digit of x(0)?
0
Suppose 12*m - 13*m + 13 = 0. Suppose 0 = -m*r + 266 - 3009. What is the hundreds digit of r/(-2) - (63/(-14) - -5)?
1
Let u = 198 + -183. Suppose -3*v + 6*v = -u, -5*v = 2*w - 847. What is the tens digit 